nits digit of 3444?
4
What is the hundreds digit of 193?
1
What is the ten thousands digit of 40664?
4
What is the hundreds digit of 3626?
6
What is the hundreds digit of 1992?
9
What is the hundreds digit of 6359?
3
What is the units digit of 4769?
9
What is the ten thousands digit of 16924?
1
What is the tens digit of 2972?
7
What is the ten thousands digit of 31589?
3
What is the thousands digit of 13196?
3
What is the ten thousands digit of 18684?
1
What is the units digit of 12142?
2
What is the units digit of 1704?
4
What is the tens digit of 76?
7
What is the tens digit of 9993?
9
What is the thousands digit of 6216?
6
What is the thousands digit of 6747?
6
What is the units digit of 153198?
8
What is the ten thousands digit of 30301?
3
What is the tens digit of 3273?
7
What is the ten thousands digit of 18718?
1
What is the units digit of 4732?
2
What is the tens digit of 6909?
0
What is the units digit of 448?
8
What is the hundreds digit of 7822?
8
What is the thousands digit of 70651?
0
What is the thousands digit of 3344?
3
What is the tens digit of 2187?
8
What is the tens digit of 1612?
1
What is the tens digit of 98616?
1
What is the thousands digit of 2450?
2
What is the hundreds digit of 56938?
9
What is the thousands digit of 6159?
6
What is the thousands digit of 199885?
9
What is the tens digit of 1888?
8
What is the hundreds digit of 4042?
0
What is the units digit of 39688?
8
What is the tens digit of 7884?
8
What is the hundreds digit of 1772?
7
What is the units digit of 5126?
6
What is the thousands digit of 7205?
7
What is the tens digit of 5427?
2
What is the tens digit of 41970?
7
What is the units digit of 2054?
4
What is the units digit of 6106?
6
What is the tens digit of 3059?
5
What is the thousands digit of 1907?
1
What is the thousands digit of 13296?
3
What is the hundreds digit of 22459?
4
What is the tens digit of 11013?
1
What is the hundreds digit of 2751?
7
What is the units digit of 34222?
2
What is the hundreds digit of 121317?
3
What is the tens digit of 15427?
2
What is the hundreds digit of 4045?
0
What is the hundreds digit of 7471?
4
What is the units digit of 73952?
2
What is the units digit of 3856?
6
What is the units digit of 4666?
6
What is the tens digit of 2828?
2
What is the tens digit of 948?
4
What is the hundreds digit of 457?
4
What is the thousands digit of 1624?
1
What is the hundreds digit of 1586?
5
What is the ten thousands digit of 29209?
2
What is the thousands digit of 3774?
3
What is the tens digit of 2937?
3
What is the tens digit of 9647?
4
What is the units digit of 5073?
3
What is the tens digit of 1914?
1
What is the units digit of 2815?
5
What is the units digit of 619?
9
What is the thousands digit of 28646?
8
What is the thousands digit of 6242?
6
What is the tens digit of 31485?
8
What is the units digit of 5219?
9
What is the thousands digit of 2565?
2
What is the tens digit of 49164?
6
What is the tens digit of 4032?
3
What is the hundreds digit of 6824?
8
What is the hundreds digit of 394?
3
What is the units digit of 648?
8
What is the ten thousands digit of 30763?
3
What is the units digit of 68961?
1
What is the tens digit of 1025?
2
What is the hundreds digit of 17217?
2
What is the hundreds digit of 332?
3
What is the tens digit of 7530?
3
What is the units digit of 5600?
0
What is the thousands digit of 10873?
0
What is the tens digit of 1122?
2
What is the hundreds digit of 59575?
5
What is the thousands digit of 1916?
1
What is the tens digit of 17297?
9
What is the hundreds digit of 688?
6
What is the tens digit of 790?
9
What is the tens digit of 1112?
1
What is the tens digit of 116648?
4
What is the thousands digit of 16253?
6
What is the tens digit of 20368?
6
What is the units digit of 8785?
5
What is the tens digit of 139?
3
What is the tens digit of 14768?
6
What is the hundreds digit of 1720?
7
What is the hundreds digit of 310?
3
What is the units digit of 237?
7
What is the units digit of 398?
8
What is the tens digit of 41?
4
What is the thousands digit of 25662?
5
What is the hundreds digit of 455?
4
What is the units digit of 344?
4
What is the tens digit of 245?
4
What is the hundreds digit of 3485?
4
What is the thousands digit of 6523?
6
What is the tens digit of 124?
2
What is the tens digit of 1117?
1
What is the thousands digit of 39364?
9
What is the units digit of 1604?
4
What is the thousands digit of 5711?
5
What is the hundreds digit of 2772?
7
What is the thousands digit of 85295?
5
What is the thousands digit of 3509?
3
What is the hundreds digit of 1110?
1
What is the thousands digit of 27319?
7
What is the thousands digit of 17410?
7
What is the tens digit of 4164?
6
What is the thousands digit of 4440?
4
What is the hundreds digit of 16260?
2
What is the tens digit of 1740?
4
What is the units digit of 8869?
9
What is the thousands digit of 145129?
5
What is the hundreds digit of 828?
8
What is the tens digit of 3374?
7
What is the hundreds digit of 3354?
3
What is the tens digit of 10775?
7
What is the hundreds digit of 13012?
0
What is the hundreds digit of 705?
7
What is the units digit of 1673?
3
What is the units digit of 6296?
6
What is the units digit of 29902?
2
What is the ten thousands digit of 45636?
4
What is the tens digit of 1112?
1
What is the thousands digit of 44045?
4
What is the hundreds digit of 757?
7
What is the tens digit of 99604?
0
What is the hundreds digit of 60979?
9
What is the ten thousands digit of 113066?
1
What is the units digit of 1579?
9
What is the hundred thousands digit of 100041?
1
What is the hundreds digit of 1204?
2
What is the units digit of 9919?
9
What is the ten thousands digit of 27525?
2
What is the hundreds digit of 54794?
7
What is the units digit of 3381?
1
What is the thousands digit of 2428?
2
What is the units digit of 201?
1
What is the units digit of 51109?
9
What is the units digit of 12046?
6
What is the units digit of 2926?
6
What is the tens digit of 8214?
1
What is the hundreds digit of 1093?
0
What is the tens digit of 3900?
0
What is the tens digit of 851?
5
What is the hundreds digit of 5091?
0
What is the thousands digit of 1090?
1
What is the ten thousands digit of 50432?
5
What is the thousands digit of 2597?
2
What is the units digit of 3957?
7
What is the hundreds digit of 834?
8
What is the tens digit of 6943?
4
What is the thousands digit of 58127?
8
What is the units digit of 2925?
5
What is the units digit of 4415?
5
What is the thousands digit of 25979?
5
What is the hundreds digit of 12842?
8
What is the ten thousands digit of 25334?
2
What is the thousands digit of 24623?
4
What is the hundreds digit of 108?
1
What is the hundreds digit of 4721?
7
What is the tens digit of 572?
7
What is the tens digit of 3273?
7
What is the hundreds digit of 16446?
4
What is the tens digit of 95924?
2
What is the hundreds digit of 64424?
4
What is the hundreds digit of 21695?
6
What is the units digit of 22880?
0
What is the units digit of 2274?
4
What is the tens digit of 118408?
0
What is the thousands digit of 3792?
3
What is the units digit of 35723?
3
What is the ten thousands digit of 15454?
1
What is the units digit of 2918?
8
What is the thousands digit of 1498?
1
What is the hundreds digit of 2597?
5
What is the tens digit of 117?
1
What is the tens digit of 4329?
2
What is the thousands digit of 16982?
6
What is the hundreds digit of 138023?
0
What is the thousands digit of 19873?
9
What is the thousands digit of 127653?
7
What is the units digit of 1333?
3
What is the ten thousands digit of 17961?
1
What is the hundreds digit of 33610?
6
What is the thousands digit of 1053?
1
What is the units digit of 6214?
4
What is the thousands digit of 8954?
8
What is the hundreds digit of 2555?
5
What is the tens digit of 74010?
1
What is the hundreds digit of 5158?
1
What is the hundreds digit of 2907?
9
What is the thousands digit of 6417?
6
What is the hundreds digit of 35727?
7
What is the units digit of 7892?
2
What is the hundreds digit of 7055?
0
What is the units digit of 38540?
0
What is the hundreds digit of 276?
2
What is the tens digit of 3551?
5
What is the tens digit of 913?
1
What is the units digit of 1418?
8
What is the tens digit of 2348?
4
Wha